{"id":1489,"date":"2017-06-08T10:26:48","date_gmt":"2017-06-08T08:26:48","guid":{"rendered":"http:\/\/www.gesw.de\/?page_id=1489"},"modified":"2025-08-19T15:00:07","modified_gmt":"2025-08-19T13:00:07","slug":"europaseminare","status":"publish","type":"page","link":"https:\/\/www.gesw.de\/index.php\/unsere-seminare\/europaseminare\/","title":{"rendered":"Europapolitik"},"content":{"rendered":"\n<p>Europa betrifft nicht nur Politiker*innen und Journalist*innen. Von Jugendlichen und jungen Erwachsenen im Hier und Jetzt wird es abh\u00e4ngen, ob und vor allem wie das Europa des 21. Jahrhunderts zu einer politischen, wirtschaftlichen und sozialen Einheit zusammenfinden kann.<\/p>\n\n\n\n<p>Umfassenden Einblick in die Prozesse der <strong>europ\u00e4ischen Integration<\/strong> gew\u00e4hren unsere Europaseminare. Hier besch\u00e4ftigen wir uns mit der historischen Entwicklung der EU, mit ihren institutionellen Grundlagen und damit, wie in Br\u00fcssel und in Strasbourg politische Entscheidungen gef\u00e4llt werden. Darauf aufbauend thematisieren wir aktuelle Herausforderungen f\u00fcr die EU wie z.B. institutionelle Reformen, Asyl und Migration und das Verh\u00e4ltnis Europas zu globalen Partnern.<\/p>\n\n\n<div class=\"wp-block-image\">\n<figure class=\"alignright size-medium is-resized\"><img loading=\"lazy\" decoding=\"async\" width=\"300\" height=\"214\" src=\"https:\/\/www.gesw.de\/uploads\/Konvent-fuer-Pub2-300x214.jpeg\" alt=\"\" class=\"wp-image-4547\" style=\"width:314px;height:auto\" srcset=\"https:\/\/www.gesw.de\/uploads\/Konvent-fuer-Pub2-300x214.jpeg 300w, https:\/\/www.gesw.de\/uploads\/Konvent-fuer-Pub2-1024x731.jpeg 1024w, https:\/\/www.gesw.de\/uploads\/Konvent-fuer-Pub2-768x548.jpeg 768w, https:\/\/www.gesw.de\/uploads\/Konvent-fuer-Pub2-1536x1097.jpeg 1536w, https:\/\/www.gesw.de\/uploads\/Konvent-fuer-Pub2-2048x1462.jpeg 2048w\" sizes=\"auto, (max-width: 300px) 100vw, 300px\" \/><\/figure>\n<\/div>\n\n\n<p>Methodisch legen wir Wert auf eine Vielfalt unterschiedlicher Ans\u00e4tze. Ein Kernst\u00fcck unserer Arbeit sind <strong>Simulationen<\/strong> eines Europ\u00e4ischen Konvents (ab Jahrgangsstufe 7),&nbsp;einer Konferenz zu EU-Beitrittsverhandlungen (ab Jahrgangsstufe 8) oder zur europ\u00e4ischen Asylpolitik (ab Jahrgangsstufe 9). Die Simulationen sind ab einer Gruppengr\u00f6\u00dfe von 15 Personen spielbar. Wenn 45 oder mehr Jugendliche teilnehmen, wird die Gruppe aufgeteilt und in zwei Simulationen parallel durchgef\u00fchrt. In der Aneignung verschiedener Rollen erlangen die Teilnehmenden ein vertieftes Verst\u00e4ndnis f\u00fcr politische, \u00f6konomische und soziale Aspekte, welche die Entscheidungsabl\u00e4ufe der EU beeinflussen. Unsere Simulationen k\u00f6nnen <strong>auf Deutsch<\/strong> und zum Teil auch <strong>auf Englisch, <\/strong>etwa f\u00fcr bilinguale Kurse, durchgef\u00fchrt werden.<\/p>\n\n\n\n<p>Die Europaseminare lassen sich mit <a href=\"https:\/\/www.gesw.de\/index.php\/unsere-seminare\/studienfahrten\/\"><strong>Studienfahrten<\/strong> <\/a>nach Br\u00fcssel kombinieren.<\/p>\n\n\n\n<ul class=\"wp-block-list\">\n<li><strong>Europa-Basisseminar<\/strong> f\u00fcr Jugendliche und junge Erwachsene auf Deutsch oder Englisch: 2 Tage, 2 \u00dcbernachtungen in Vlotho <a href=\"https:\/\/www.gesw.de\/uploads\/Meine-deine-unsere-EU.pdf\" data-type=\"attachment\" data-id=\"4835\">(dtsch. Muster)<\/a><a href=\"https:\/\/www.gesw.de\/uploads\/Meine-deine-unsere-EU-englisch.pdf\"> (engl. Muster)<\/a><\/li>\n\n\n\n<li><strong>Europawoche:<\/strong> 5 Tage, 4 \u00dcbernachtungen in Vlotho <a href=\"https:\/\/www.gesw.de\/uploads\/Europawoche-Quo-vadis-6.pdf\" data-type=\"attachment\" data-id=\"4832\">(Muster)<\/a><\/li>\n\n\n\n<li><strong>Europa und die EU<\/strong> ab 6. Klasse: 2 Tage, 2 \u00dcbernachtungen in Vlotho <a href=\"https:\/\/www.gesw.de\/uploads\/Europa-und-die-EU-heute-ab-6Klasse1.pdf\" data-type=\"attachment\" data-id=\"4860\">(Muster)<\/a><\/li>\n\n\n\n<li><strong>Kurzseminar \u201eKlima und Wirtschaft\u201c<\/strong>: 2 Tage, 2 \u00dcbernachtungen in Vlotho <a href=\"https:\/\/www.gesw.de\/uploads\/Kurzseminar-Klima-und-Wirtschaft-1.pdf\" data-type=\"attachment\" data-id=\"4834\">(Muster)<\/a><\/li>\n\n\n\n<li><strong>Kurzseminar \u201eEU-Ukraine\u201c<\/strong>: 2 Tage, 2 \u00dcbernachtungen in Vlotho <a href=\"https:\/\/www.gesw.de\/uploads\/Kurzseminar-EU-Ukraine-3.pdf\" data-type=\"attachment\" data-id=\"4834\">(Muster)<\/a><\/li>\n<\/ul>\n","protected":false},"excerpt":{"rendered":"<p>Europa betrifft nicht nur Politiker*innen und Journalist*innen. Von Jugendlichen und jungen Erwachsenen im Hier und Jetzt wird es abh\u00e4ngen, ob und vor allem wie das Europa des 21. Jahrhunderts zu einer politischen, wirtschaftlichen und sozialen Einheit zusammenfinden kann. Umfassenden Einblick in die Prozesse der europ\u00e4ischen Integration gew\u00e4hren unsere Europaseminare. Hier besch\u00e4ftigen wir uns mit der &#8230; <a title=\"Europapolitik\" class=\"read-more\" href=\"https:\/\/www.gesw.de\/index.php\/unsere-seminare\/europaseminare\/\" aria-label=\"Mehr Informationen \u00fcber Europapolitik\">Weiterlesen<\/a><\/p>\n","protected":false},"author":3,"featured_media":0,"parent":40,"menu_order":2,"comment_status":"closed","ping_status":"closed","template":"","meta":{"ngg_post_thumbnail":0,"generate_page_header":"","footnotes":""},"class_list":["post-1489","page","type-page","status-publish"],"_links":{"self":[{"href":"https:\/\/www.gesw.de\/index.php\/wp-json\/wp\/v2\/pages\/1489","targetHints":{"allow":["GET"]}}],"collection":[{"href":"https:\/\/www.gesw.de\/index.php\/wp-json\/wp\/v2\/pages"}],"about":[{"href":"https:\/\/www.gesw.de\/index.php\/wp-json\/wp\/v2\/types\/page"}],"author":[{"embeddable":true,"href":"https:\/\/www.gesw.de\/index.php\/wp-json\/wp\/v2\/users\/3"}],"replies":[{"embeddable":true,"href":"https:\/\/www.gesw.de\/index.php\/wp-json\/wp\/v2\/comments?post=1489"}],"version-history":[{"count":62,"href":"https:\/\/www.gesw.de\/index.php\/wp-json\/wp\/v2\/pages\/1489\/revisions"}],"predecessor-version":[{"id":5035,"href":"https:\/\/www.gesw.de\/index.php\/wp-json\/wp\/v2\/pages\/1489\/revisions\/5035"}],"up":[{"embeddable":true,"href":"https:\/\/www.gesw.de\/index.php\/wp-json\/wp\/v2\/pages\/40"}],"wp:attachment":[{"href":"https:\/\/www.gesw.de\/index.php\/wp-json\/wp\/v2\/media?parent=1489"}],"curies":[{"name":"wp","href":"https:\/\/api.w.org\/{rel}","templated":true}]}}

<p>Europa betrifft nicht nur Politiker*innen und Journalist*innen. Von Jugendlichen und jungen Erwachsenen im Hier und Jetzt wird es abhängen, ob und vor allem wie das Europa des 21. Jahrhunderts zu einer politischen, wirtschaftlichen und sozialen Einheit zusammenfinden kann.</p>



<p>Umfassenden Einblick in die Prozesse der <strong>europäischen Integration</strong> gewähren unsere Europaseminare. Hier beschäftigen wir uns mit der historischen Entwicklung der EU, mit ihren institutionellen Grundlagen und damit, wie in Brüssel und in Strasbourg politische Entscheidungen gefällt werden. Darauf aufbauend thematisieren wir aktuelle Herausforderungen für die EU wie z.B. institutionelle Reformen, Asyl und Migration und das Verhältnis Europas zu globalen Partnern.</p>


<div class="wp-block-image">
<figure class="alignright size-medium is-resized"><img loading="lazy" decoding="async" width="300" height="214" src="https://www.gesw.de/uploads/Konvent-fuer-Pub2-300x214.jpeg" alt="" class="wp-image-4547" style="width:314px;height:auto" srcset="https://www.gesw.de/uploads/Konvent-fuer-Pub2-300x214.jpeg 300w, https://www.gesw.de/uploads/Konvent-fuer-Pub2-1024x731.jpeg 1024w, https://www.gesw.de/uploads/Konvent-fuer-Pub2-768x548.jpeg 768w, https://www.gesw.de/uploads/Konvent-fuer-Pub2-1536x1097.jpeg 1536w, https://www.gesw.de/uploads/Konvent-fuer-Pub2-2048x1462.jpeg 2048w" sizes="auto, (max-width: 300px) 100vw, 300px" /></figure>
</div>


<p>Methodisch legen wir Wert auf eine Vielfalt unterschiedlicher Ansätze. Ein Kernstück unserer Arbeit sind <strong>Simulationen</strong> eines Europäischen Konvents (ab Jahrgangsstufe 7),&nbsp;einer Konferenz zu EU-Beitrittsverhandlungen (ab Jahrgangsstufe 8) oder zur europäischen Asylpolitik (ab Jahrgangsstufe 9). Die Simulationen sind ab einer Gruppengröße von 15 Personen spielbar. Wenn 45 oder mehr Jugendliche teilnehmen, wird die Gruppe aufgeteilt und in zwei Simulationen parallel durchgeführt. In der Aneignung verschiedener Rollen erlangen die Teilnehmenden ein vertieftes Verständnis für politische, ökonomische und soziale Aspekte, welche die Entscheidungsabläufe der EU beeinflussen. Unsere Simulationen können <strong>auf Deutsch</strong> und zum Teil auch <strong>auf Englisch, </strong>etwa für bilinguale Kurse, durchgeführt werden.</p>



<p>Die Europaseminare lassen sich mit <a href="https://www.gesw.de/index.php/unsere-seminare/studienfahrten/"><strong>Studienfahrten</strong> </a>nach Brüssel kombinieren.</p>



<ul class="wp-block-list">
<li><strong>Europa-Basisseminar</strong> für Jugendliche und junge Erwachsene auf Deutsch oder Englisch: 2 Tage, 2 Übernachtungen in Vlotho <a href="https://www.gesw.de/uploads/Meine-deine-unsere-EU.pdf" data-type="attachment" data-id="4835">(dtsch. Muster)</a><a href="https://www.gesw.de/uploads/Meine-deine-unsere-EU-englisch.pdf"> (engl. Muster)</a></li>



<li><strong>Europawoche:</strong> 5 Tage, 4 Übernachtungen in Vlotho <a href="https://www.gesw.de/uploads/Europawoche-Quo-vadis-6.pdf" data-type="attachment" data-id="4832">(Muster)</a></li>



<li><strong>Europa und die EU</strong> ab 6. Klasse: 2 Tage, 2 Übernachtungen in Vlotho <a href="https://www.gesw.de/uploads/Europa-und-die-EU-heute-ab-6Klasse1.pdf" data-type="attachment" data-id="4860">(Muster)</a></li>



<li><strong>Kurzseminar „Klima und Wirtschaft“</strong>: 2 Tage, 2 Übernachtungen in Vlotho <a href="https://www.gesw.de/uploads/Kurzseminar-Klima-und-Wirtschaft-1.pdf" data-type="attachment" data-id="4834">(Muster)</a></li>



<li><strong>Kurzseminar „EU-Ukraine“</strong>: 2 Tage, 2 Übernachtungen in Vlotho <a href="https://www.gesw.de/uploads/Kurzseminar-EU-Ukraine-3.pdf" data-type="attachment" data-id="4834">(Muster)</a></li>
</ul>

<p>Europa betrifft nicht nur Politiker*innen und Journalist*innen. Von Jugendlichen und jungen Erwachsenen im Hier und Jetzt wird es abhängen, ob und vor allem wie das Europa des 21. Jahrhunderts zu einer politischen, wirtschaftlichen und sozialen Einheit zusammenfinden kann. Umfassenden Einblick in die Prozesse der europäischen Integration gewähren unsere Europaseminare. Hier beschäftigen wir uns mit der &#8230; <a title="Europapolitik" class="read-more" href="https://www.gesw.de/index.php/unsere-seminare/europaseminare/" aria-label="Mehr Informationen über Europapolitik">Weiterlesen</a></p>
