{"id":1496,"date":"2017-06-08T10:29:37","date_gmt":"2017-06-08T08:29:37","guid":{"rendered":"http:\/\/www.gesw.de\/?page_id=1496"},"modified":"2025-02-10T22:44:08","modified_gmt":"2025-02-10T20:44:08","slug":"interkulturelles","status":"publish","type":"page","link":"https:\/\/www.gesw.de\/index.php\/unsere-seminare\/interkulturelles\/","title":{"rendered":"Interkulturelles Lernen"},"content":{"rendered":"\n<p>Unsere internationalen Begegnungen und Projekte tragen dazu bei, dass Menschen einander n\u00e4her kommen, andere L\u00e4nder und Kulturen kennenlernen, Vorurteile abbauen und interkulturelle F\u00e4higkeiten und Fertigkeiten entwickeln.<\/p>\n\n\n<div class=\"wp-block-image\">\n<figure class=\"alignright\"><a href=\"http:\/\/www.gesw.de\/uploads\/Fotolia_842631_M.jpg\" data-rel=\"lightbox-image-0\" data-imagelightbox=\"0\" data-rl_title=\"\" data-rl_caption=\"\" title=\"\"><img loading=\"lazy\" decoding=\"async\" width=\"300\" height=\"199\" src=\"http:\/\/www.gesw.de\/uploads\/Fotolia_842631_M-300x199.jpg\" alt=\"\" class=\"wp-image-1027\" srcset=\"https:\/\/www.gesw.de\/uploads\/Fotolia_842631_M-300x199.jpg 300w, https:\/\/www.gesw.de\/uploads\/Fotolia_842631_M-1024x681.jpg 1024w, https:\/\/www.gesw.de\/uploads\/Fotolia_842631_M.jpg 1690w\" sizes=\"auto, (max-width: 300px) 100vw, 300px\" \/><\/a><\/figure>\n<\/div>\n\n\n<p>Wir begleiten <strong>internationale Kooperationen<\/strong> (z.B. im Erasmus-Plus-Programm oder andere Sch\u00fcleraustauschformate) und geben ihnen einen inhaltlichen Rahmen. In unseren Seminaren setzen sich Jugendliche und junge Erwachsene mit den historischen Verflechtungen ihrer Herkunftsl\u00e4nder und mit politischer, \u00f6konomischer und sozialer Interaktion in einer globalen Welt auseinander. Dabei sind die Inhalte gezielt auf die Beziehungen der Herkunftsl\u00e4nder der Teilnehmenden abgestimmt.<\/p>\n\n\n\n<ul class=\"wp-block-list\">\n<li>Internationale Jugendwoche: 7 Tage, 6 \u00dcbernachtungen in Vlotho <a href=\"https:\/\/www.gesw.de\/uploads\/Internationale-Jugendwoche-2.pdf\" target=\"_blank\" rel=\"noreferrer noopener\">(Muster)<\/a><\/li>\n<\/ul>\n\n\n\n<p>Seit vielen Jahren pflegen wir enge Kontakte zu den L\u00e4ndern in <strong>Mittel- und Osteuropa<\/strong>. Auf die komplexen Realit\u00e4ten, Herausforderungen und Entwicklungen insbesondere in Polen, Ungarn, Tschechien, der Slowakei, Bulgarien, Rum\u00e4nien, dem Baltikum und auf dem Balkan sind wir spezialisiert. Unsere Dozent*innen fungieren als Br\u00fcckenbauer*innen und Sprachmittler*innen. So arbeiten wir an der Gestaltung Europas aktiv mit.<\/p>\n\n\n\n<ul class=\"wp-block-list\">\n<li>Internationales Begegnungsseminar: 3 Tage, 2 \u00dcbernachtungen in Vlotho <a href=\"https:\/\/www.gesw.de\/uploads\/In-Vielfalt-geeint-internationales-Begegnungsseminar-2.pdf\">(Muster)<\/a><\/li>\n\n\n\n<li>Deutsch-polnisches Begegnungsseminar: 3 Tage, 2 \u00dcbernachtungen in Vlotho <a href=\"https:\/\/www.gesw.de\/uploads\/Deutsch-Polnische-Begegnung-Aus-der-Vergangenheit-lernen-1.pdf\">(Muster)<\/a><\/li>\n<\/ul>\n\n\n\n<p>Begegnungsseminare lassen sich inhaltlich und methodisch auch mit unseren Angeboten im Bereich der<strong> <a href=\"http:\/\/www.gesw.de\/index.php\/unsere-seminare\/europaseminare\/\">Europabildung<\/a> und der <a href=\"http:\/\/www.gesw.de\/index.php\/unsere-seminare\/deutsche-geschichte-politik\/\">politisch-historischen Bildung<\/a><\/strong> verschr\u00e4nken.<\/p>\n\n\n\n<ul class=\"wp-block-list\">\n<li>Europa auf dem Weg zur Einheit f\u00fcr binationale Gruppen: 3 Tage, 2 \u00dcbernachtungen in Vlotho <a href=\"https:\/\/www.gesw.de\/uploads\/Zwei-Laender-ein-Europa-fuer-binationale-Gruppen-1.pdf\">(Muster)<\/a><\/li>\n<\/ul>\n\n\n\n<p>Seit 2013 f\u00fchrt das GESW au\u00dferdem&nbsp; in Zusammenarbeit mit der Partnerorganisation &#8218;Maison des Jeunes Sahloul Hammam&#8216; in Sousse j\u00e4hrlich im Sp\u00e4tsommer einen zweiw\u00f6chigen <strong>deutsch-tunesischen Jugendaustausch<\/strong> mit den Schwerpunkten Demokratie und Zivilgesellschaft durch. Das Projekt wird durch das Ausw\u00e4rtige Amt gef\u00f6rdert.<\/p>\n\n\n\n<ul class=\"wp-block-list\">\n<li><a href=\"https:\/\/www.gesw.de\/index.php\/2018\/06\/11\/ausschreibung-demokratie-leben-und-gestalten\/\" target=\"_blank\" rel=\"noopener noreferrer\">Deutsch-tunesischer Jugendaustausch 2018 (Programm, Anmeldung)<\/a><\/li>\n<\/ul>\n\n\n\n<p>Im Jahr 2018 findet erstmals ein durch das Erasmus Plus Programm der Europ\u00e4ischen Union gef\u00f6rderter <strong>Austausch mit Bosnien und Herzegowina<\/strong> statt, an dem neben deutschen und bosnischen auch rum\u00e4nische Jugendliche Teilnehmen werden. Das Programm setzt sich mit dem interreligi\u00f6sen Dialog und dem Zusammenwirken von Religion und Gesellschaft bzw. Politik auseinander.<\/p>\n\n\n\n<ul class=\"wp-block-list\">\n<li><a href=\"http:\/\/www.gesw.de\/uploads\/Devotional-Humans-180208.pdf\">Deutsch-bosnisch-rum\u00e4nischer Jugendaustausch 2018 (Programm)<\/a><\/li>\n<\/ul>\n","protected":false},"excerpt":{"rendered":"<p>Unsere internationalen Begegnungen und Projekte tragen dazu bei, dass Menschen einander n\u00e4her kommen, andere L\u00e4nder und Kulturen kennenlernen, Vorurteile abbauen und interkulturelle F\u00e4higkeiten und Fertigkeiten entwickeln. Wir begleiten internationale Kooperationen (z.B. im Erasmus-Plus-Programm oder andere Sch\u00fcleraustauschformate) und geben ihnen einen inhaltlichen Rahmen. In unseren Seminaren setzen sich Jugendliche und junge Erwachsene mit den historischen Verflechtungen &#8230; <a title=\"Interkulturelles Lernen\" class=\"read-more\" href=\"https:\/\/www.gesw.de\/index.php\/unsere-seminare\/interkulturelles\/\" aria-label=\"Mehr Informationen \u00fcber Interkulturelles Lernen\">Weiterlesen<\/a><\/p>\n","protected":false},"author":3,"featured_media":0,"parent":40,"menu_order":5,"comment_status":"closed","ping_status":"closed","template":"","meta":{"ngg_post_thumbnail":0,"generate_page_header":"","footnotes":""},"class_list":["post-1496","page","type-page","status-publish"],"_links":{"self":[{"href":"https:\/\/www.gesw.de\/index.php\/wp-json\/wp\/v2\/pages\/1496","targetHints":{"allow":["GET"]}}],"collection":[{"href":"https:\/\/www.gesw.de\/index.php\/wp-json\/wp\/v2\/pages"}],"about":[{"href":"https:\/\/www.gesw.de\/index.php\/wp-json\/wp\/v2\/types\/page"}],"author":[{"embeddable":true,"href":"https:\/\/www.gesw.de\/index.php\/wp-json\/wp\/v2\/users\/3"}],"replies":[{"embeddable":true,"href":"https:\/\/www.gesw.de\/index.php\/wp-json\/wp\/v2\/comments?post=1496"}],"version-history":[{"count":38,"href":"https:\/\/www.gesw.de\/index.php\/wp-json\/wp\/v2\/pages\/1496\/revisions"}],"predecessor-version":[{"id":4892,"href":"https:\/\/www.gesw.de\/index.php\/wp-json\/wp\/v2\/pages\/1496\/revisions\/4892"}],"up":[{"embeddable":true,"href":"https:\/\/www.gesw.de\/index.php\/wp-json\/wp\/v2\/pages\/40"}],"wp:attachment":[{"href":"https:\/\/www.gesw.de\/index.php\/wp-json\/wp\/v2\/media?parent=1496"}],"curies":[{"name":"wp","href":"https:\/\/api.w.org\/{rel}","templated":true}]}}